hat is h(-33)?
-1184
Let q(n) = 4579*n - 1057758. What is q(231)?
-9
Let u(r) = 2*r**3 + 70*r**2 - 76*r - 151. Determine u(-36).
-7
Let i(t) = -7*t**2 + 233*t - 49. Calculate i(32).
239
Let z(x) = 730419*x + 2921666. What is z(-4)?
-10
Let f(m) = 2*m**3 - 7*m**2 - 37555*m + 150198. What is f(4)?
-6
Let n(i) = 1102*i + 4148. Determine n(-4).
-260
Let q(m) = -m**3 + 2*m**2 + 649*m - 4695. Calculate q(22).
-97
Let r(n) = -35522*n + 2664164. Determine r(75).
14
Let c(s) = 2*s**3 + 1516*s**2 - 24760*s + 6336. Give c(-774).
144
Let z(p) = -4061*p + 7790. Determine z(2).
-332
Let l(f) = 2*f**2 + 2100*f + 27504. Determine l(-13).
542
Let h(r) = r**2 + 53*r + 211. What is h(-59)?
565
Let j(c) = 62*c**2 + 3479*c - 11008. Calculate j(3).
-13
Let w(p) = -4*p**3 - 2058*p**2 - 5117*p + 1569. Give w(-512).
33
Let f(v) = 4*v**2 + 387*v + 6045. What is f(-17)?
622
Let v(n) = n**3 + 2*n + 254. Calculate v(0).
254
Let i(v) = -v**3 - 391*v**2 - 4924*v - 3775. Determine i(-378).
5
Let s(t) = 5*t**3 - 33*t**2 + 80*t - 6. Determine s(4).
106
Let r(t) = -t**3 - 146*t**2 - 344*t - 8090. Calculate r(-144).
-26
Let z(s) = -110*s**2 - 7703*s - 225. Determine z(-70).
-15
Let j(b) = -2*b**3 + 291*b**2 + 401*b + 5889. Determine j(147).
9
Let x(w) = 5*w**3 - 10500*w**2 + 41942*w - 46112. Give x(2096).
0
Let p(h) = -2*h**3 - 84*h**2 - 430*h - 7642. Give p(-39).
2
Let q(d) = -3*d**3 - 46*d**2 - 174*d - 22. Calculate q(-7).
-29
Let j(z) = z**3 - 55*z**2 - 53*z - 424. Give j(56).
-256
Let h(k) = -21056*k - 230097. Calculate h(-11).
1519
Let i(k) = k**2 + 856*k + 167330. Determine i(-302).
22
Let s(a) = 15*a**2 + 703*a - 2120. Give s(3).
124
Let s(y) = 1583*y**2 - 145*y + 49. Give s(1).
1487
Let h(i) = -6*i**3 - 97*i**2 - 360*i + 105. What is h(-10)?
5
Let v(j) = 49001*j - 3087057. What is v(63)?
6
Let j(k) = -k**3 - 23*k**2 - 244*k - 5661. Give j(-23).
-49
Let m(k) = k**2 + 10584*k + 3234756. What is m(-315)?
21
Let k(c) = 3*c**3 + 116*c**2 + 237*c + 1917. Determine k(-37).
-7
Let b(f) = -8*f**2 + 619*f + 2920. Calculate b(82).
-114
Let q(y) = 285*y + 9195. Determine q(-38).
-1635
Let m(k) = k**3 - 181*k**2 - 71*k - 20194. Give m(182).
8
Let a(i) = i**3 + 253*i**2 + 11845*i + 600. What is a(-191)?
27
Let f(o) = o**3 + 26*o**2 - 73*o - 126. Calculate f(-27).
1116
Let k(y) = -y**2 + 870*y + 18718. Calculate k(-21).
7
Let t(r) = -r**2 - 89968*r + 179941. Determine t(2).
1
Let b(q) = 19198*q**2 - 96006*q + 11. What is b(5)?
-69
Let l(g) = -13790*g + 13840. Determine l(1).
50
Let w(y) = -901*y - 291910. What is w(-324)?
14
Let w(o) = o**3 + 650*o**2 + 4128*o + 170021. What is w(-644)?
5
Let h(w) = w**2 - 856*w + 50777. Calculate h(64).
89
Let o(a) = 101983*a + 2039558. Determine o(-20).
-102
Let k(g) = 9*g**2 - 90*g + 259. Give k(4).
43
Let a(s) = 5556*s + 450015. What is a(-81)?
-21
Let b(l) = -12*l**2 + 20021*l - 356477. Determine b(18).
13
Let p(u) = 8*u**2 - 286*u - 154. Give p(36).
-82
Let u(f) = -1877*f + 525566. What is u(280)?
6
Let p(t) = 15296*t + 76642. What is p(-5)?
162
Let y(x) = -x**2 + 74*x - 1220. Give y(54).
-140
Let x(f) = -121570*f - 3890233. What is x(-32)?
7
Let k(a) = 8*a**3 - 31*a**2 - 28*a + 6. What is k(-5)?
-1629
Let d(z) = z**2 - 312*z + 20251. What is d(92)?
11
Let o(i) = 10051*i + 10025. Calculate o(-1).
-26
Let k(z) = 7279*z - 144511. Calculate k(20).
1069
Let l(d) = -17116*d - 119782. What is l(-7)?
30
Let k(g) = -3*g**2 - 8000*g + 104483. What is k(13)?
-24
Let q(d) = -85*d**3 - 175*d**2 + 186*d - 9. Determine q(1).
-83
Let o(u) = -4*u**2 - 20*u + 1094. What is o(15)?
-106
Let t(x) = -2*x**3 + 135*x**2 + 2715*x + 688. Determine t(-16).
0
Let f(m) = 16*m**2 - 115*m - 115. What is f(-1)?
16
Let k(f) = 8*f**2 + 9752*f - 58496. What is k(6)?
304
Let x(l) = -l**2 + 592*l - 57334. Calculate x(122).
6
Let j(q) = q**2 + 91*q + 260. Determine j(-84).
-328
Let u(r) = -159921*r + 959518. Determine u(6).
-8
Let a(i) = 11*i + 2461. Give a(-213).
118
Let n(y) = y**3 + 39*y**2 - 523*y + 4536. What is n(-51)?
-3
Let j(f) = 36733*f - 22921388. Determine j(624).
4
Let p(g) = -2747*g - 11103. What is p(-4)?
-115
Let g(l) = -l**3 + 35*l**2 - 9258*l + 500398. Give g(50).
-2
Let p(k) = 750*k + 3200. Calculate p(-5).
-550
Let k(t) = 2178*t + 4705. Determine k(-3).
-1829
Let p(d) = -16*d**3 - 4*d**2 + 59*d - 50. Determine p(3).
-341
Let p(w) = -8*w**2 - 1152*w - 12912. Calculate p(-11).
-1208
Let c(k) = -5*k**2 + 142*k - 729. Calculate c(7).
20
Let k(p) = -6*p**2 + 3036*p + 9116. Calculate k(-3).
-46
Let o(y) = 72*y + 5326. Give o(-74).
-2
Let q(z) = -46218*z**2 + 924372*z - 238. Give q(20).
2
Let j(o) = 80046*o - 11686719. Give j(146).
-3
Let f(t) = -82*t**2 - 1987*t + 1538. Determine f(-25).
-37
Let i(b) = -b**2 - 1064*b - 191316. Determine i(-229).
-101
Let a(v) = 213*v + 15768. Give a(-74).
6
Let b(u) = 57*u**2 + 900*u + 3595. Calculate b(-4).
907
Let l(p) = -p**2 + 4946*p + 69388. What is l(-14)?
-52
Let n(o) = 4*o**2 - 22*o - 95. What is n(9)?
31
Let p(q) = 5*q**3 + 362*q**2 - 976*q + 16. Determine p(-75).
91
Let u(s) = s**3 - 253*s**2 + 1787*s - 15984. Determine u(246).
6
Let h(s) = 15191*s + 12502209. Determine h(-823).
16
Let x(w) = -1741*w + 11720. What is x(7)?
-467
Let t(z) = 5798*z - 92744. Calculate t(16).
24
Let l(z) = z**3 + 203*z**2 - 7248*z - 202. Determine l(31).
-16
Let q(o) = o**2 - 24107*o + 24106. What is q(1)?
0
Let h(j) = -17*j**3 + 13*j**2 - 17*j + 19. Give h(2).
-99
Let o(a) = -9*a**3 + 272*a**2 - 327*a + 148. What is o(29)?
-84
Let t(a) = -4021*a + 8031. Determine t(2).
-11
Let o(r) = -r**3 + 83*r + 265. Determine o(-6).
-17
Let t(s) = -65*s**3 - 162*s**2 - 118*s + 42. Calculate t(-1).
63
Let r(n) = n**2 + 693*n - 37152. Determine r(50).
-2
Let f(t) = -t**3 + 43*t**2 + 250*t - 514. Calculate f(46).
4638
Let u(c) = -23*c**2 - 980*c - 980. Calculate u(-1).
-23
Let m(t) = -61513*t - 307655. What is m(-5)?
-90
Let x(l) = -569*l**2 - 49531*l - 16. Determine x(-87).
2420
Let g(k) = -k**3 - 37*k**2 + 23*k + 86. What is g(-39)?
2231
Let u(c) = -14*c**2 - 2187*c + 4446. Calculate u(2).
16
Let b(f) = f**2 - 11*f - 8910. Give b(100).
-10
Let n(j) = -28*j**3 - 564*j**2 - 55*j + 129. Give n(-20).
-371
Let b(o) = -198*o**3 + 58608*o**2 + o - 300. Give b(296).
-4
Let p(y) = -26592*y + 10370883. What is p(390)?
3
Let j(u) = 50*u**3 + 648*u**2 + 18*u + 20. What is j(-13)?
-552
Let z(j) = -j**3 + 41*j**2 + 1390*j - 152. Calculate z(63).
100
Let b(p) = p**3 - 8*p**2 + 692*p - 6202. Determine b(9).
107
Let c(v) = 25608*v + 76844. Determine c(-3).
20
Let k(y) = -2942*y**2 + 8788*y + 125. Determine k(3).
11
Let u(w) = -3935*w**2 + 23603*w - 4. Give u(6).
-46
Let x(n) = -176104*n + 3345978. Give x(19).
2
Let w(q) = -q**3 - 479*q**2 - 21066*q + 194. Determine w(-49).
-2
Let f(o) = -30735*o + 430161. What is f(14)?
-129
Let u(s) = 3*s**2 + 2656*s + 66676. Determine u(-26).
-352
Let c(b) = -b**3 + 9*b**2 + 1772*b - 465. Determine c(-38).
67
Let z(o) = 2614*o + 1168460. Calculate z(-447).
2
Let m(v) = -879*v - 4217. Calculate m(-5).
178
Let z(g) = 6955*g + 6. Calculate z(0).
6
Let h(l) = -4495*l - 287614. Determine h(-64).
66
Let v(q) = q**3 - 137*q**2 - 428*q + 786. Determine v(140).
-334
Let p(k) = -2*k**3 - 41*k**2 - 130*k + 100. Calculate p(-17).
287
Let h(z) = 391*z + 24483. Determine h(-62).
241
Let h(d) = -d**2 + 2680*d + 59474. Give h(-22).
30
Let i(n) = -n**3 + 1036*n**2 - 43637*n - 10912. Determine i(992).
0
Let m(l) = -722*l**2 + 11505*l + 35. Determine m(16).
-717
Let y(m) = m**3 + 45*m**2 - 529*m - 27492. Calculate y(-42).
18
Let b(j) = 2535*j - 43218. Calculate b(17).
-123
Let n(c) = 271*c**2 - 904*c - 2256. What is n(5)?
-1
Let b(l) = -144070*l - 144066. Determine b(-1).
4
Let w(t) = 4*t**2 + 4571*t - 324208. Calculate w(67).
5
Let g(o) = -o**3 + 50*o**2 + 22*o + 259. Determine g(50).
1359
Let a(o) = -1779*o**2 - 15976*o + 324. Calculate a(-9).
9
Let q(u) = -35*u + 1698. Calculate q(65).
-577
Let u(p) = 4*p**2 - 128*p + 813. Calculate u(37).
1553
Let s(z) = -2*z**3 - 26*z**2 + 140*z + 1505. Determine s(-8).
-255
Let b(u) = u**3 + 313*u**2 + 943*u + 36. Determine b(-3).
-3
Let x(r) = -18940*r - 37853. Give x(-2).
27
Let n(u) = -38*u + 10350. What is n(273)?
-24
Let g(h) = 10*h**3 - 8*h**2 - 239*h + 456. Give g(2).
26
Let r(k) = 650*k**2 - 11699*k - 21. Ca